{"id":27,"date":"2025-09-14T21:04:11","date_gmt":"2025-09-14T19:04:11","guid":{"rendered":"https:\/\/rive-b5.fr\/?page_id=27"},"modified":"2025-12-06T13:38:08","modified_gmt":"2025-12-06T12:38:08","slug":"homepage","status":"publish","type":"page","link":"https:\/\/rive-b5.fr\/","title":{"rendered":"HomePage"},"content":{"rendered":"\t\t<div data-elementor-type=\"wp-page\" data-elementor-id=\"27\" class=\"elementor elementor-27\" data-elementor-post-type=\"page\">\n\t\t\t\t<div class=\"elementor-element elementor-element-5f047c0 e-flex e-con-boxed e-con e-parent\" data-id=\"5f047c0\" data-element_type=\"container\" data-settings=\"{&quot;background_background&quot;:&quot;classic&quot;}\">\n\t\t\t\t\t<div class=\"e-con-inner\">\n\t\t<div class=\"elementor-element elementor-element-1b12a6f e-con-full e-flex e-con e-child\" data-id=\"1b12a6f\" data-element_type=\"container\">\n\t\t\t\t<div class=\"elementor-element elementor-element-8dcb2c2 elementor-widget elementor-widget-heading\" data-id=\"8dcb2c2\" data-element_type=\"widget\" data-widget_type=\"heading.default\">\n\t\t\t\t\t<h1 class=\"elementor-heading-title elementor-size-default\">R\u00e9novation et agencement de boutiques et locaux commerciaux<\/h1>\t\t\t\t<\/div>\n\t\t\t\t<div class=\"elementor-element elementor-element-994c775 elementor-widget elementor-widget-heading\" data-id=\"994c775\" data-element_type=\"widget\" data-widget_type=\"heading.default\">\n\t\t\t\t\t<h4 class=\"elementor-heading-title elementor-size-default\">De la conception \u00e0 la r\u00e9alisation, un accompagnement cl\u00e9-en-main<\/h4>\t\t\t\t<\/div>\n\t\t\t\t<div class=\"elementor-element elementor-element-1f906c2 elementor-widget elementor-widget-button\" data-id=\"1f906c2\" data-element_type=\"widget\" data-widget_type=\"button.default\">\n\t\t\t\t\t\t\t\t\t\t<a class=\"elementor-button elementor-button-link elementor-size-sm\" href=\"https:\/\/rive-b5.fr\/?page_id=155\">\n\t\t\t\t\t\t<span class=\"elementor-button-content-wrapper\">\n\t\t\t\t\t\t\t\t\t<span class=\"elementor-button-text\">Demander un devis<\/span>\n\t\t\t\t\t<\/span>\n\t\t\t\t\t<\/a>\n\t\t\t\t\t\t\t\t<\/div>\n\t\t\t\t<\/div>\n\t\t\t\t\t<\/div>\n\t\t\t\t<\/div>\n\t\t<div class=\"elementor-element elementor-element-38cb696 e-flex e-con-boxed e-con e-parent\" data-id=\"38cb696\" data-element_type=\"container\">\n\t\t\t\t\t<div class=\"e-con-inner\">\n\t\t\t\t<div class=\"elementor-element elementor-element-ab9c7b2 elementor-widget elementor-widget-heading\" data-id=\"ab9c7b2\" data-element_type=\"widget\" data-widget_type=\"heading.default\">\n\t\t\t\t\t<h1 class=\"elementor-heading-title elementor-size-default\">Nos services\u200b<\/h1>\t\t\t\t<\/div>\n\t\t\t\t\t<\/div>\n\t\t\t\t<\/div>\n\t\t<div class=\"elementor-element elementor-element-903bb86 e-flex e-con-boxed e-con e-parent\" data-id=\"903bb86\" data-element_type=\"container\">\n\t\t\t\t\t<div class=\"e-con-inner\">\n\t\t<div class=\"elementor-element elementor-element-bf89df7 e-con-full e-flex e-con e-child\" data-id=\"bf89df7\" data-element_type=\"container\">\n\t\t\t\t<div class=\"elementor-element elementor-element-8ba5262 elementor-widget elementor-widget-image\" data-id=\"8ba5262\" data-element_type=\"widget\" data-widget_type=\"image.default\">\n\t\t\t\t\t\t\t\t\t\t\t\t\t\t\t<img fetchpriority=\"high\" decoding=\"async\" width=\"768\" height=\"1024\" src=\"https:\/\/rive-b5.fr\/wp-content\/uploads\/2025\/12\/img-chantier-768x1024.jpg\" class=\"elementor-animation-grow attachment-medium_large size-medium_large wp-image-378\" alt=\"\" srcset=\"https:\/\/rive-b5.fr\/wp-content\/uploads\/2025\/12\/img-chantier-768x1024.jpg 768w, https:\/\/rive-b5.fr\/wp-content\/uploads\/2025\/12\/img-chantier-225x300.jpg 225w, https:\/\/rive-b5.fr\/wp-content\/uploads\/2025\/12\/img-chantier-1152x1536.jpg 1152w, https:\/\/rive-b5.fr\/wp-content\/uploads\/2025\/12\/img-chantier.jpg 1200w\" sizes=\"(max-width: 768px) 100vw, 768px\" \/>\t\t\t\t\t\t\t\t\t\t\t\t\t\t\t<\/div>\n\t\t\t\t<\/div>\n\t\t<div class=\"elementor-element elementor-element-3234922 e-con-full e-flex e-con e-child\" data-id=\"3234922\" data-element_type=\"container\">\n\t\t\t\t<div class=\"elementor-element elementor-element-44c1aa0 elementor-widget elementor-widget-text-editor\" data-id=\"44c1aa0\" data-element_type=\"widget\" data-widget_type=\"text-editor.default\">\n\t\t\t\t\t\t\t\t\t<h3>R\u00e9novation int\u00e9rieure<\/h3><div class=\"details__aditional\"><p>Rive B5 r\u00e9alise tous types de travaux de r\u00e9novation int\u00e9rieure : pl\u00e2trerie, peinture, rev\u00eatements muraux, sols souples et durs, ainsi que menuiserie.<br \/>Notre \u00e9quipe ma\u00eetrise l\u2019ensemble des corps d\u2019\u00e9tat pour offrir des finitions durables, soign\u00e9es et conformes aux normes en vigueur.<\/p><\/div><div><p>Sp\u00e9cialiste de l\u2019agencement commercial, Rive B5 accompagne les enseignes, boutiques et pharmacies dans la cr\u00e9ation ou la transformation de leurs espaces.<br \/>Nous optimisons vos surfaces pour allier esth\u00e9tique, fonctionnalit\u00e9 et conformit\u00e9 r\u00e9glementaire, tout en respectant vos d\u00e9lais et contraintes techniques.<\/p><\/div><div>\u00a0<\/div><div><h3>Gestion cl\u00e9-en-main<\/h3><div class=\"details__for\"><div class=\"details__aditional\"><p>Du premier \u00e9change \u00e0 la remise des cl\u00e9s, Rive B5 assure une gestion compl\u00e8te et transparente de votre projet.<br \/>Nous coordonnons l\u2019ensemble des intervenants, anticipons les contraintes techniques et veillons au bon d\u00e9roulement du chantier pour garantir une r\u00e9alisation fluide, ma\u00eetris\u00e9e et sans mauvaises surprises.<\/p><\/div><\/div><\/div>\t\t\t\t\t\t\t\t<\/div>\n\t\t\t\t<\/div>\n\t\t\t\t\t<\/div>\n\t\t\t\t<\/div>\n\t\t<div class=\"elementor-element elementor-element-d081da9 e-flex e-con-boxed e-con e-parent\" data-id=\"d081da9\" data-element_type=\"container\">\n\t\t\t\t\t<div class=\"e-con-inner\">\n\t\t\t\t<div class=\"elementor-element elementor-element-561d702 elementor-widget elementor-widget-heading\" data-id=\"561d702\" data-element_type=\"widget\" data-widget_type=\"heading.default\">\n\t\t\t\t\t<h1 class=\"elementor-heading-title elementor-size-default\">Pourquoi nous confier sa r\u00e9novation ?<\/h1>\t\t\t\t<\/div>\n\t\t<div class=\"elementor-element elementor-element-03852c0 e-con-full e-grid e-con e-child\" data-id=\"03852c0\" data-element_type=\"container\">\n\t\t<div class=\"elementor-element elementor-element-9776f9c e-con-full e-flex e-con e-child\" data-id=\"9776f9c\" data-element_type=\"container\" data-settings=\"{&quot;background_background&quot;:&quot;classic&quot;}\">\n\t\t\t\t<div class=\"elementor-element elementor-element-bac3986 elementor-widget elementor-widget-image\" data-id=\"bac3986\" data-element_type=\"widget\" data-widget_type=\"image.default\">\n\t\t\t\t\t\t\t\t\t\t\t\t\t\t\t<img decoding=\"async\" width=\"800\" height=\"800\" src=\"https:\/\/rive-b5.fr\/wp-content\/uploads\/2025\/12\/20945243-1024x1024.jpg\" class=\"attachment-large size-large wp-image-424\" alt=\"\" srcset=\"https:\/\/rive-b5.fr\/wp-content\/uploads\/2025\/12\/20945243-1024x1024.jpg 1024w, https:\/\/rive-b5.fr\/wp-content\/uploads\/2025\/12\/20945243-300x300.jpg 300w, https:\/\/rive-b5.fr\/wp-content\/uploads\/2025\/12\/20945243-150x150.jpg 150w, https:\/\/rive-b5.fr\/wp-content\/uploads\/2025\/12\/20945243-768x768.jpg 768w, https:\/\/rive-b5.fr\/wp-content\/uploads\/2025\/12\/20945243-1536x1536.jpg 1536w, https:\/\/rive-b5.fr\/wp-content\/uploads\/2025\/12\/20945243.jpg 1933w\" sizes=\"(max-width: 800px) 100vw, 800px\" \/>\t\t\t\t\t\t\t\t\t\t\t\t\t\t\t<\/div>\n\t\t\t\t<div class=\"elementor-element elementor-element-b40b72e elementor-widget elementor-widget-heading\" data-id=\"b40b72e\" data-element_type=\"widget\" data-widget_type=\"heading.default\">\n\t\t\t\t\t<h4 class=\"elementor-heading-title elementor-size-default\">Respect des d\u00e9lais et du budgets allou\u00e9s\n<\/h4>\t\t\t\t<\/div>\n\t\t\t\t<\/div>\n\t\t<div class=\"elementor-element elementor-element-66f6d73 e-con-full e-flex e-con e-child\" data-id=\"66f6d73\" data-element_type=\"container\" data-settings=\"{&quot;background_background&quot;:&quot;classic&quot;}\">\n\t\t\t\t<div class=\"elementor-element elementor-element-df916ec elementor-widget elementor-widget-image\" data-id=\"df916ec\" data-element_type=\"widget\" data-widget_type=\"image.default\">\n\t\t\t\t\t\t\t\t\t\t\t\t\t\t\t<img decoding=\"async\" width=\"800\" height=\"800\" src=\"https:\/\/rive-b5.fr\/wp-content\/uploads\/2025\/12\/19197865-1024x1024.jpg\" class=\"attachment-large size-large wp-image-423\" alt=\"\" srcset=\"https:\/\/rive-b5.fr\/wp-content\/uploads\/2025\/12\/19197865-1024x1024.jpg 1024w, https:\/\/rive-b5.fr\/wp-content\/uploads\/2025\/12\/19197865-300x300.jpg 300w, https:\/\/rive-b5.fr\/wp-content\/uploads\/2025\/12\/19197865-150x150.jpg 150w, https:\/\/rive-b5.fr\/wp-content\/uploads\/2025\/12\/19197865-768x768.jpg 768w, https:\/\/rive-b5.fr\/wp-content\/uploads\/2025\/12\/19197865-1536x1536.jpg 1536w, https:\/\/rive-b5.fr\/wp-content\/uploads\/2025\/12\/19197865.jpg 1933w\" sizes=\"(max-width: 800px) 100vw, 800px\" \/>\t\t\t\t\t\t\t\t\t\t\t\t\t\t\t<\/div>\n\t\t\t\t<div class=\"elementor-element elementor-element-982afef elementor-widget elementor-widget-heading\" data-id=\"982afef\" data-element_type=\"widget\" data-widget_type=\"heading.default\">\n\t\t\t\t\t<h4 class=\"elementor-heading-title elementor-size-default\">Exp\u00e9rience avec les grandes enseignes<\/h4>\t\t\t\t<\/div>\n\t\t\t\t<\/div>\n\t\t<div class=\"elementor-element elementor-element-42e6dec e-con-full e-flex e-con e-child\" data-id=\"42e6dec\" data-element_type=\"container\" data-settings=\"{&quot;background_background&quot;:&quot;classic&quot;}\">\n\t\t\t\t<div class=\"elementor-element elementor-element-3d36c6f elementor-widget elementor-widget-image\" data-id=\"3d36c6f\" data-element_type=\"widget\" data-widget_type=\"image.default\">\n\t\t\t\t\t\t\t\t\t\t\t\t\t\t\t<img loading=\"lazy\" decoding=\"async\" width=\"800\" height=\"427\" src=\"https:\/\/rive-b5.fr\/wp-content\/uploads\/2025\/12\/materiaux-durable-1024x546.png\" class=\"attachment-large size-large wp-image-416\" alt=\"\" srcset=\"https:\/\/rive-b5.fr\/wp-content\/uploads\/2025\/12\/materiaux-durable-1024x546.png 1024w, https:\/\/rive-b5.fr\/wp-content\/uploads\/2025\/12\/materiaux-durable-300x160.png 300w, https:\/\/rive-b5.fr\/wp-content\/uploads\/2025\/12\/materiaux-durable-768x409.png 768w, https:\/\/rive-b5.fr\/wp-content\/uploads\/2025\/12\/materiaux-durable-1536x819.png 1536w, https:\/\/rive-b5.fr\/wp-content\/uploads\/2025\/12\/materiaux-durable.png 2000w\" sizes=\"(max-width: 800px) 100vw, 800px\" \/>\t\t\t\t\t\t\t\t\t\t\t\t\t\t\t<\/div>\n\t\t\t\t<div class=\"elementor-element elementor-element-c1334c7 elementor-widget elementor-widget-heading\" data-id=\"c1334c7\" data-element_type=\"widget\" data-widget_type=\"heading.default\">\n\t\t\t\t\t<h4 class=\"elementor-heading-title elementor-size-default\">Nos mat\u00e9riaux sont de qualit\u00e9s durables<\/h4>\t\t\t\t<\/div>\n\t\t\t\t<\/div>\n\t\t<div class=\"elementor-element elementor-element-5f232b2 e-con-full e-flex e-con e-child\" data-id=\"5f232b2\" data-element_type=\"container\" data-settings=\"{&quot;background_background&quot;:&quot;classic&quot;}\">\n\t\t\t\t<div class=\"elementor-element elementor-element-193bbae elementor-widget elementor-widget-image\" data-id=\"193bbae\" data-element_type=\"widget\" data-widget_type=\"image.default\">\n\t\t\t\t\t\t\t\t\t\t\t\t\t\t\t<img loading=\"lazy\" decoding=\"async\" width=\"740\" height=\"740\" src=\"https:\/\/rive-b5.fr\/wp-content\/uploads\/2025\/12\/interlocuteur.jpg\" class=\"attachment-large size-large wp-image-417\" alt=\"\" srcset=\"https:\/\/rive-b5.fr\/wp-content\/uploads\/2025\/12\/interlocuteur.jpg 740w, https:\/\/rive-b5.fr\/wp-content\/uploads\/2025\/12\/interlocuteur-300x300.jpg 300w, https:\/\/rive-b5.fr\/wp-content\/uploads\/2025\/12\/interlocuteur-150x150.jpg 150w\" sizes=\"(max-width: 740px) 100vw, 740px\" \/>\t\t\t\t\t\t\t\t\t\t\t\t\t\t\t<\/div>\n\t\t\t\t<div class=\"elementor-element elementor-element-dde6f1d elementor-widget elementor-widget-heading\" data-id=\"dde6f1d\" data-element_type=\"widget\" data-widget_type=\"heading.default\">\n\t\t\t\t\t<h4 class=\"elementor-heading-title elementor-size-default\">Un interlocuteur unique tout au long du projet<\/h4>\t\t\t\t<\/div>\n\t\t\t\t<\/div>\n\t\t\t\t<\/div>\n\t\t\t\t\t<\/div>\n\t\t\t\t<\/div>\n\t\t<div class=\"elementor-element elementor-element-577fa5c e-flex e-con-boxed e-con e-parent\" data-id=\"577fa5c\" data-element_type=\"container\" data-settings=\"{&quot;background_background&quot;:&quot;classic&quot;}\">\n\t\t\t\t\t<div class=\"e-con-inner\">\n\t\t<div class=\"elementor-element elementor-element-43ae81d e-con-full e-flex e-con e-child\" data-id=\"43ae81d\" data-element_type=\"container\">\n\t\t\t\t<div class=\"elementor-element elementor-element-9d4df11 elementor-widget elementor-widget-heading\" data-id=\"9d4df11\" data-element_type=\"widget\" data-widget_type=\"heading.default\">\n\t\t\t\t\t<h2 class=\"elementor-heading-title elementor-size-default\">Vous \u00eates pr\u00eats \u00e0 r\u00e9nover votre bien sereinement ?<\/h2>\t\t\t\t<\/div>\n\t\t\t\t<div class=\"elementor-element elementor-element-0ef8d8c elementor-align-center elementor-widget elementor-widget-button\" data-id=\"0ef8d8c\" data-element_type=\"widget\" data-widget_type=\"button.default\">\n\t\t\t\t\t\t\t\t\t\t<a class=\"elementor-button elementor-button-link elementor-size-sm\" href=\"https:\/\/rive-b5.fr\/?page_id=155\">\n\t\t\t\t\t\t<span class=\"elementor-button-content-wrapper\">\n\t\t\t\t\t\t\t\t\t<span class=\"elementor-button-text\">Contactez-nous<\/span>\n\t\t\t\t\t<\/span>\n\t\t\t\t\t<\/a>\n\t\t\t\t\t\t\t\t<\/div>\n\t\t\t\t<\/div>\n\t\t\t\t\t<\/div>\n\t\t\t\t<\/div>\n\t\t<div class=\"elementor-element elementor-element-226ea06 e-flex e-con-boxed e-con e-parent\" data-id=\"226ea06\" data-element_type=\"container\">\n\t\t\t\t\t<div class=\"e-con-inner\">\n\t\t<div class=\"elementor-element elementor-element-fa2107e e-con-full e-flex e-con e-child\" data-id=\"fa2107e\" data-element_type=\"container\">\n\t\t\t\t<div class=\"elementor-element elementor-element-e493f3e elementor-widget elementor-widget-heading\" data-id=\"e493f3e\" data-element_type=\"widget\" data-widget_type=\"heading.default\">\n\t\t\t\t\t<h2 class=\"elementor-heading-title elementor-size-default\">Nos d\u00e9marches les plus populaires<\/h2>\t\t\t\t<\/div>\n\t\t\t\t<div class=\"elementor-element elementor-element-6943719 elementor-widget elementor-widget-heading\" data-id=\"6943719\" data-element_type=\"widget\" data-widget_type=\"heading.default\">\n\t\t\t\t\t<h3 class=\"elementor-heading-title elementor-size-default\">Une \u00e9quipe d\u00e9di\u00e9e, un projet unique. Votre transformation commence maintenant.<\/h3>\t\t\t\t<\/div>\n\t\t\t\t<\/div>\n\t\t<div class=\"elementor-element elementor-element-ee44d4a e-con-full e-flex e-con e-child\" data-id=\"ee44d4a\" data-element_type=\"container\">\n\t\t<div class=\"elementor-element elementor-element-f1e56a4 e-grid e-con-full e-con e-child\" data-id=\"f1e56a4\" data-element_type=\"container\">\n\t\t<div class=\"elementor-element elementor-element-4713f42 e-con-full e-flex e-con e-child\" data-id=\"4713f42\" data-element_type=\"container\">\n\t\t<div class=\"elementor-element elementor-element-47dcecf e-con-full e-flex e-con e-child\" data-id=\"47dcecf\" data-element_type=\"container\" data-settings=\"{&quot;background_background&quot;:&quot;classic&quot;}\">\n\t\t\t\t<div class=\"elementor-element elementor-element-16ff423 elementor-widget elementor-widget-image\" data-id=\"16ff423\" data-element_type=\"widget\" data-widget_type=\"image.default\">\n\t\t\t\t\t\t\t\t\t\t\t\t\t\t\t<img loading=\"lazy\" decoding=\"async\" width=\"512\" height=\"512\" src=\"https:\/\/rive-b5.fr\/wp-content\/uploads\/2025\/09\/building-construction.png\" class=\"attachment-large size-large wp-image-90\" alt=\"\" srcset=\"https:\/\/rive-b5.fr\/wp-content\/uploads\/2025\/09\/building-construction.png 512w, https:\/\/rive-b5.fr\/wp-content\/uploads\/2025\/09\/building-construction-300x300.png 300w, https:\/\/rive-b5.fr\/wp-content\/uploads\/2025\/09\/building-construction-150x150.png 150w\" sizes=\"(max-width: 512px) 100vw, 512px\" \/>\t\t\t\t\t\t\t\t\t\t\t\t\t\t\t<\/div>\n\t\t<div class=\"elementor-element elementor-element-e3adba6 e-con-full e-flex e-con e-child\" data-id=\"e3adba6\" data-element_type=\"container\">\n\t\t\t\t<div class=\"elementor-element elementor-element-0c91559 elementor-widget elementor-widget-text-editor\" data-id=\"0c91559\" data-element_type=\"widget\" data-widget_type=\"text-editor.default\">\n\t\t\t\t\t\t\t\t\t<p>R\u00e9novation <strong>entreprise<br \/><\/strong><\/p>\t\t\t\t\t\t\t\t<\/div>\n\t\t\t\t<\/div>\n\t\t\t\t<div class=\"elementor-element elementor-element-298397c elementor-widget elementor-widget-heading\" data-id=\"298397c\" data-element_type=\"widget\" data-widget_type=\"heading.default\">\n\t\t\t\t\t<h6 class=\"elementor-heading-title elementor-size-default\">Nous modernisons vos espaces professionnels pour am\u00e9liorer l\u2019image de marque et l\u2019efficacit\u00e9.\nNos \u00e9quipes transforment vos locaux selon votre identit\u00e9 et vos besoins fonctionnels.\nNous optimisons l\u2019agencement, le confort et la circulation pour vos collaborateurs.\nUn accompagnement complet de la conception \u00e0 la livraison cl\u00e9 en main.<\/h6>\t\t\t\t<\/div>\n\t\t\t\t<\/div>\n\t\t\t\t<\/div>\n\t\t<div class=\"elementor-element elementor-element-32f1eb3 e-con-full e-flex e-con e-child\" data-id=\"32f1eb3\" data-element_type=\"container\">\n\t\t<div class=\"elementor-element elementor-element-bf1ab98 e-con-full e-flex e-con e-child\" data-id=\"bf1ab98\" data-element_type=\"container\" data-settings=\"{&quot;background_background&quot;:&quot;classic&quot;}\">\n\t\t\t\t<div class=\"elementor-element elementor-element-6ddaf51 elementor-widget elementor-widget-image\" data-id=\"6ddaf51\" data-element_type=\"widget\" data-widget_type=\"image.default\">\n\t\t\t\t\t\t\t\t\t\t\t\t\t\t\t<img loading=\"lazy\" decoding=\"async\" width=\"512\" height=\"512\" src=\"https:\/\/rive-b5.fr\/wp-content\/uploads\/2025\/09\/building-construction.png\" class=\"attachment-large size-large wp-image-90\" alt=\"\" srcset=\"https:\/\/rive-b5.fr\/wp-content\/uploads\/2025\/09\/building-construction.png 512w, https:\/\/rive-b5.fr\/wp-content\/uploads\/2025\/09\/building-construction-300x300.png 300w, https:\/\/rive-b5.fr\/wp-content\/uploads\/2025\/09\/building-construction-150x150.png 150w\" sizes=\"(max-width: 512px) 100vw, 512px\" \/>\t\t\t\t\t\t\t\t\t\t\t\t\t\t\t<\/div>\n\t\t<div class=\"elementor-element elementor-element-7cadc55 e-con-full e-flex e-con e-child\" data-id=\"7cadc55\" data-element_type=\"container\">\n\t\t\t\t<div class=\"elementor-element elementor-element-ec5061f elementor-widget elementor-widget-text-editor\" data-id=\"ec5061f\" data-element_type=\"widget\" data-widget_type=\"text-editor.default\">\n\t\t\t\t\t\t\t\t\t<p>R\u00e9novation <strong>bureaux<br \/><\/strong><\/p>\t\t\t\t\t\t\t\t<\/div>\n\t\t\t\t<\/div>\n\t\t\t\t<div class=\"elementor-element elementor-element-4295a1a elementor-widget elementor-widget-heading\" data-id=\"4295a1a\" data-element_type=\"widget\" data-widget_type=\"heading.default\">\n\t\t\t\t\t<h6 class=\"elementor-heading-title elementor-size-default\">Cr\u00e9ation d\u2019espaces ergonomiques, lumineux et adapt\u00e9s \u00e0 votre activit\u00e9.\nR\u00e9configuration, rafra\u00eechissement ou restructuration compl\u00e8te selon votre projet.\nSolutions sur mesure pour l\u2019acoustique, l\u2019\u00e9clairage, les rev\u00eatements et les cloisons.\nVotre lieu de travail devient source de performance, cr\u00e9ativit\u00e9 et bien-\u00eatre.<\/h6>\t\t\t\t<\/div>\n\t\t\t\t<\/div>\n\t\t\t\t<\/div>\n\t\t<div class=\"elementor-element elementor-element-cb3944e e-con-full e-flex e-con e-child\" data-id=\"cb3944e\" data-element_type=\"container\">\n\t\t<div class=\"elementor-element elementor-element-5c1e8d3 e-con-full e-flex e-con e-child\" data-id=\"5c1e8d3\" data-element_type=\"container\" data-settings=\"{&quot;background_background&quot;:&quot;classic&quot;}\">\n\t\t\t\t<div class=\"elementor-element elementor-element-f0d65cc elementor-widget elementor-widget-image\" data-id=\"f0d65cc\" data-element_type=\"widget\" data-widget_type=\"image.default\">\n\t\t\t\t\t\t\t\t\t\t\t\t\t\t\t<img loading=\"lazy\" decoding=\"async\" width=\"512\" height=\"512\" src=\"https:\/\/rive-b5.fr\/wp-content\/uploads\/2025\/09\/building-construction.png\" class=\"attachment-large size-large wp-image-90\" alt=\"\" srcset=\"https:\/\/rive-b5.fr\/wp-content\/uploads\/2025\/09\/building-construction.png 512w, https:\/\/rive-b5.fr\/wp-content\/uploads\/2025\/09\/building-construction-300x300.png 300w, https:\/\/rive-b5.fr\/wp-content\/uploads\/2025\/09\/building-construction-150x150.png 150w\" sizes=\"(max-width: 512px) 100vw, 512px\" \/>\t\t\t\t\t\t\t\t\t\t\t\t\t\t\t<\/div>\n\t\t<div class=\"elementor-element elementor-element-5244d3f e-con-full e-flex e-con e-child\" data-id=\"5244d3f\" data-element_type=\"container\">\n\t\t\t\t<div class=\"elementor-element elementor-element-579f8b2 elementor-widget elementor-widget-text-editor\" data-id=\"579f8b2\" data-element_type=\"widget\" data-widget_type=\"text-editor.default\">\n\t\t\t\t\t\t\t\t\t<p>R\u00e9novation <strong>h\u00f4tel<\/strong><\/p>\t\t\t\t\t\t\t\t<\/div>\n\t\t\t\t<\/div>\n\t\t\t\t<div class=\"elementor-element elementor-element-ee4be9f elementor-widget elementor-widget-heading\" data-id=\"ee4be9f\" data-element_type=\"widget\" data-widget_type=\"heading.default\">\n\t\t\t\t\t<h6 class=\"elementor-heading-title elementor-size-default\">Valorisation de vos chambres, espaces communs et accueil clients.\nMise aux normes, modernisation et optimisation de l\u2019exp\u00e9rience utilisateur.\nDesign int\u00e9rieur \u00e9l\u00e9gant, mat\u00e9riaux durables et finitions haut de gamme.\nUn r\u00e9sultat qui augmente l\u2019attractivit\u00e9 de votre \u00e9tablissement.<\/h6>\t\t\t\t<\/div>\n\t\t\t\t<\/div>\n\t\t\t\t<\/div>\n\t\t<div class=\"elementor-element elementor-element-771da6a e-con-full e-flex e-con e-child\" data-id=\"771da6a\" data-element_type=\"container\">\n\t\t<div class=\"elementor-element elementor-element-263c544 e-con-full e-flex e-con e-child\" data-id=\"263c544\" data-element_type=\"container\" data-settings=\"{&quot;background_background&quot;:&quot;classic&quot;}\">\n\t\t\t\t<div class=\"elementor-element elementor-element-73c2b44 elementor-widget elementor-widget-image\" data-id=\"73c2b44\" data-element_type=\"widget\" data-widget_type=\"image.default\">\n\t\t\t\t\t\t\t\t\t\t\t\t\t\t\t<img loading=\"lazy\" decoding=\"async\" width=\"512\" height=\"512\" src=\"https:\/\/rive-b5.fr\/wp-content\/uploads\/2025\/09\/building-construction.png\" class=\"attachment-large size-large wp-image-90\" alt=\"\" srcset=\"https:\/\/rive-b5.fr\/wp-content\/uploads\/2025\/09\/building-construction.png 512w, https:\/\/rive-b5.fr\/wp-content\/uploads\/2025\/09\/building-construction-300x300.png 300w, https:\/\/rive-b5.fr\/wp-content\/uploads\/2025\/09\/building-construction-150x150.png 150w\" sizes=\"(max-width: 512px) 100vw, 512px\" \/>\t\t\t\t\t\t\t\t\t\t\t\t\t\t\t<\/div>\n\t\t<div class=\"elementor-element elementor-element-b80759d e-con-full e-flex e-con e-child\" data-id=\"b80759d\" data-element_type=\"container\">\n\t\t\t\t<div class=\"elementor-element elementor-element-a2bb0ad elementor-widget elementor-widget-text-editor\" data-id=\"a2bb0ad\" data-element_type=\"widget\" data-widget_type=\"text-editor.default\">\n\t\t\t\t\t\t\t\t\t<p>R\u00e9novation <strong>restaurant<\/strong><\/p>\t\t\t\t\t\t\t\t<\/div>\n\t\t\t\t<\/div>\n\t\t\t\t<div class=\"elementor-element elementor-element-a1ed717 elementor-widget elementor-widget-heading\" data-id=\"a1ed717\" data-element_type=\"widget\" data-widget_type=\"heading.default\">\n\t\t\t\t\t<h6 class=\"elementor-heading-title elementor-size-default\">Am\u00e9nagement chaleureux et identit\u00e9 visuelle forte pour s\u00e9duire vos clients.\nOptimisation des circulations, zones de service et cuisine professionnelle.\nCr\u00e9ation d\u2019atmosph\u00e8res uniques gr\u00e2ce aux mati\u00e8res, \u00e9clairages et couleurs.\nUn cadre r\u00e9nov\u00e9 qui stimule l\u2019app\u00e9tit, l\u2019ambiance et votre rentabilit\u00e9.<\/h6>\t\t\t\t<\/div>\n\t\t\t\t<\/div>\n\t\t\t\t<\/div>\n\t\t\t\t<\/div>\n\t\t\t\t<\/div>\n\t\t\t\t\t<\/div>\n\t\t\t\t<\/div>\n\t\t\t\t<\/div>\n\t\t","protected":false},"excerpt":{"rendered":"<p>R\u00e9novation et agencement de boutiques et locaux commerciaux De la conception \u00e0 la r\u00e9alisation, un accompagnement cl\u00e9-en-main Demander un devis Nos services\u200b R\u00e9novation int\u00e9rieure Rive B5 r\u00e9alise tous types de travaux de r\u00e9novation int\u00e9rieure : pl\u00e2trerie, peinture, rev\u00eatements muraux, sols souples et durs, ainsi que menuiserie.Notre \u00e9quipe ma\u00eetrise l\u2019ensemble des corps d\u2019\u00e9tat pour offrir des [&hellip;]<\/p>\n","protected":false},"author":1,"featured_media":0,"parent":0,"menu_order":0,"comment_status":"closed","ping_status":"closed","template":"","meta":{"footnotes":""},"class_list":["post-27","page","type-page","status-publish","hentry"],"_links":{"self":[{"href":"https:\/\/rive-b5.fr\/index.php?rest_route=\/wp\/v2\/pages\/27","targetHints":{"allow":["GET"]}}],"collection":[{"href":"https:\/\/rive-b5.fr\/index.php?rest_route=\/wp\/v2\/pages"}],"about":[{"href":"https:\/\/rive-b5.fr\/index.php?rest_route=\/wp\/v2\/types\/page"}],"author":[{"embeddable":true,"href":"https:\/\/rive-b5.fr\/index.php?rest_route=\/wp\/v2\/users\/1"}],"replies":[{"embeddable":true,"href":"https:\/\/rive-b5.fr\/index.php?rest_route=%2Fwp%2Fv2%2Fcomments&post=27"}],"version-history":[{"count":130,"href":"https:\/\/rive-b5.fr\/index.php?rest_route=\/wp\/v2\/pages\/27\/revisions"}],"predecessor-version":[{"id":508,"href":"https:\/\/rive-b5.fr\/index.php?rest_route=\/wp\/v2\/pages\/27\/revisions\/508"}],"wp:attachment":[{"href":"https:\/\/rive-b5.fr\/index.php?rest_route=%2Fwp%2Fv2%2Fmedia&parent=27"}],"curies":[{"name":"wp","href":"https:\/\/api.w.org\/{rel}","templated":true}]}}